{"id":171,"date":"2023-10-17T20:06:55","date_gmt":"2023-10-17T18:06:55","guid":{"rendered":"https:\/\/wollstueble-pilster.de\/ws4\/?page_id=171"},"modified":"2026-02-15T09:40:18","modified_gmt":"2026-02-15T08:40:18","slug":"startseite","status":"publish","type":"page","link":"https:\/\/wollstueble-pilster.de\/ws4\/","title":{"rendered":"Startseite"},"content":{"rendered":"\n<p><strong>ACHTUNG: Vom  16.02.2026 bis  18.02.2026 geschlossen.<\/strong><\/p>\n\n\n\n<p><strong>HERZLICH WILLKOMMEN<\/strong><\/p>\n\n\n\n<p>Liebe Besucher: innen,<br>sch\u00f6n das Sie da sind.<\/p>\n\n\n\n<p>Das Wollst\u00fcble gibt es nun seit \u00fcber 40 Jahre (1983).<\/p>\n\n\n\n<p>Wir f\u00fchren unter anderem folgende Produkte:<\/p>\n\n\n\n<ul class=\"wp-block-list\">\n<li>Stoffe (Baumwolle, Jersey, Sweat, Filz und viele weitere)<\/li>\n\n\n\n<li>Wollen \/ Garne<\/li>\n\n\n\n<li>Kurzwaren<\/li>\n\n\n\n<li>Wolle zum Filzen<\/li>\n\n\n\n<li>Dekorationsartikel<\/li>\n\n\n\n<li>Zeitschriften<\/li>\n\n\n\n<li>N\u00e4hmaschinen und deren Reparatur<\/li>\n\n\n\n<li>u.v.m.<\/li>\n<\/ul>\n\n\n\n<p>Wir bieten N\u00e4hkurse, Strick- und H\u00e4kelabende f\u00fcr jung und alt an.<br>Sprechen Sie mich hierf\u00fcr jederzeit an.<\/p>\n\n\n\n<p>Dies soll einen kleinen Eindruck von meinem kleinen, aber feinen Laden geben.<br>Kommen Sie zu den untenstehenden&nbsp;Er\u00f6ffnungszeiten&nbsp;vorbei, st\u00f6bern einfach durch das Sortiment und\/oder \u00fcberzeugen Sie sich von meiner Beratung.<\/p>\n\n\n\n<p>Ich freue mich schon jetzt auf Sie.<\/p>\n\n\n\n<p>Ihre<br>Marion Pilster<\/p>\n","protected":false},"excerpt":{"rendered":"<p>ACHTUNG: Vom 16.02.2026 bis 18.02.2026 geschlossen. HERZLICH WILLKOMMEN Liebe Besucher: innen,sch\u00f6n das Sie da sind. Das Wollst\u00fcble gibt es nun seit \u00fcber 40 Jahre (1983). Wir f\u00fchren unter anderem folgende &hellip; <\/p>\n<p class=\"link-more\"><a href=\"https:\/\/wollstueble-pilster.de\/ws4\/\" class=\"more-link\"><span class=\"screen-reader-text\">\u201eStartseite\u201c<\/span> weiterlesen<\/a><\/p>\n","protected":false},"author":1,"featured_media":0,"parent":0,"menu_order":0,"comment_status":"closed","ping_status":"closed","template":"","meta":{"_price":"","_stock":"","_tribe_ticket_header":"","_tribe_default_ticket_provider":"","_tribe_ticket_capacity":"0","_ticket_start_date":"","_ticket_end_date":"","_tribe_ticket_show_description":"","_tribe_ticket_show_not_going":false,"_tribe_ticket_use_global_stock":"","_tribe_ticket_global_stock_level":"","_global_stock_mode":"","_global_stock_cap":"","_tribe_rsvp_for_event":"","_tribe_ticket_going_count":"","_tribe_ticket_not_going_count":"","_tribe_tickets_list":"[]","_tribe_ticket_has_attendee_info_fields":false,"footnotes":"","_tec_slr_enabled":"","_tec_slr_layout":""},"class_list":["post-171","page","type-page","status-publish","hentry"],"jetpack_sharing_enabled":true,"ticketed":false,"_links":{"self":[{"href":"https:\/\/wollstueble-pilster.de\/ws4\/wp-json\/wp\/v2\/pages\/171","targetHints":{"allow":["GET"]}}],"collection":[{"href":"https:\/\/wollstueble-pilster.de\/ws4\/wp-json\/wp\/v2\/pages"}],"about":[{"href":"https:\/\/wollstueble-pilster.de\/ws4\/wp-json\/wp\/v2\/types\/page"}],"author":[{"embeddable":true,"href":"https:\/\/wollstueble-pilster.de\/ws4\/wp-json\/wp\/v2\/users\/1"}],"replies":[{"embeddable":true,"href":"https:\/\/wollstueble-pilster.de\/ws4\/wp-json\/wp\/v2\/comments?post=171"}],"version-history":[{"count":45,"href":"https:\/\/wollstueble-pilster.de\/ws4\/wp-json\/wp\/v2\/pages\/171\/revisions"}],"predecessor-version":[{"id":767,"href":"https:\/\/wollstueble-pilster.de\/ws4\/wp-json\/wp\/v2\/pages\/171\/revisions\/767"}],"wp:attachment":[{"href":"https:\/\/wollstueble-pilster.de\/ws4\/wp-json\/wp\/v2\/media?parent=171"}],"curies":[{"name":"wp","href":"https:\/\/api.w.org\/{rel}","templated":true}]}}