{"id":518,"date":"2024-08-22T16:27:22","date_gmt":"2024-08-22T14:27:22","guid":{"rendered":"https:\/\/wollstueble-pilster.de\/ws4\/?page_id=518"},"modified":"2024-08-22T16:27:22","modified_gmt":"2024-08-22T14:27:22","slug":"03-2024-strick-und-haekeltag-am-duermer-fruehling","status":"publish","type":"page","link":"https:\/\/wollstueble-pilster.de\/ws4\/03-2024-strick-und-haekeltag-am-duermer-fruehling\/","title":{"rendered":"03\/2024 &#8211; Strick- und H\u00e4keltag am D\u00fcrmer Fr\u00fchling"},"content":{"rendered":"\n<figure class=\"wp-block-gallery has-nested-images columns-default is-cropped wp-block-gallery-1 is-layout-flex wp-block-gallery-is-layout-flex\">\n<figure class=\"wp-block-image size-large\"><img loading=\"lazy\" decoding=\"async\" width=\"768\" height=\"1024\" data-id=\"362\" src=\"https:\/\/wollstueble-pilster.de\/ws4\/wp-content\/uploads\/2024\/04\/WhatsApp-Bild-2024-04-28-um-14.29.49_30b9a84b-768x1024.jpg\" alt=\"\" class=\"wp-image-362\" srcset=\"https:\/\/wollstueble-pilster.de\/ws4\/wp-content\/uploads\/2024\/04\/WhatsApp-Bild-2024-04-28-um-14.29.49_30b9a84b-768x1024.jpg 768w, https:\/\/wollstueble-pilster.de\/ws4\/wp-content\/uploads\/2024\/04\/WhatsApp-Bild-2024-04-28-um-14.29.49_30b9a84b-225x300.jpg 225w, https:\/\/wollstueble-pilster.de\/ws4\/wp-content\/uploads\/2024\/04\/WhatsApp-Bild-2024-04-28-um-14.29.49_30b9a84b-1152x1536.jpg 1152w, https:\/\/wollstueble-pilster.de\/ws4\/wp-content\/uploads\/2024\/04\/WhatsApp-Bild-2024-04-28-um-14.29.49_30b9a84b.jpg 1530w\" sizes=\"auto, (max-width: 767px) 89vw, (max-width: 1000px) 54vw, (max-width: 1071px) 543px, 580px\" \/><\/figure>\n\n\n\n<figure class=\"wp-block-image size-large\"><img loading=\"lazy\" decoding=\"async\" width=\"768\" height=\"1024\" data-id=\"368\" src=\"https:\/\/wollstueble-pilster.de\/ws4\/wp-content\/uploads\/2024\/04\/WhatsApp-Bild-2024-04-28-um-14.29.50_0c4a3256-768x1024.jpg\" alt=\"\" class=\"wp-image-368\" srcset=\"https:\/\/wollstueble-pilster.de\/ws4\/wp-content\/uploads\/2024\/04\/WhatsApp-Bild-2024-04-28-um-14.29.50_0c4a3256-768x1024.jpg 768w, https:\/\/wollstueble-pilster.de\/ws4\/wp-content\/uploads\/2024\/04\/WhatsApp-Bild-2024-04-28-um-14.29.50_0c4a3256-225x300.jpg 225w, https:\/\/wollstueble-pilster.de\/ws4\/wp-content\/uploads\/2024\/04\/WhatsApp-Bild-2024-04-28-um-14.29.50_0c4a3256-1152x1536.jpg 1152w, https:\/\/wollstueble-pilster.de\/ws4\/wp-content\/uploads\/2024\/04\/WhatsApp-Bild-2024-04-28-um-14.29.50_0c4a3256.jpg 1530w\" sizes=\"auto, (max-width: 767px) 89vw, (max-width: 1000px) 54vw, (max-width: 1071px) 543px, 580px\" \/><\/figure>\n\n\n\n<figure class=\"wp-block-image size-large\"><img loading=\"lazy\" decoding=\"async\" width=\"768\" height=\"1024\" data-id=\"361\" src=\"https:\/\/wollstueble-pilster.de\/ws4\/wp-content\/uploads\/2024\/04\/WhatsApp-Bild-2024-04-28-um-14.29.49_3aa4f202-768x1024.jpg\" alt=\"\" class=\"wp-image-361\" srcset=\"https:\/\/wollstueble-pilster.de\/ws4\/wp-content\/uploads\/2024\/04\/WhatsApp-Bild-2024-04-28-um-14.29.49_3aa4f202-768x1024.jpg 768w, https:\/\/wollstueble-pilster.de\/ws4\/wp-content\/uploads\/2024\/04\/WhatsApp-Bild-2024-04-28-um-14.29.49_3aa4f202-225x300.jpg 225w, https:\/\/wollstueble-pilster.de\/ws4\/wp-content\/uploads\/2024\/04\/WhatsApp-Bild-2024-04-28-um-14.29.49_3aa4f202-1152x1536.jpg 1152w, https:\/\/wollstueble-pilster.de\/ws4\/wp-content\/uploads\/2024\/04\/WhatsApp-Bild-2024-04-28-um-14.29.49_3aa4f202.jpg 1530w\" sizes=\"auto, (max-width: 767px) 89vw, (max-width: 1000px) 54vw, (max-width: 1071px) 543px, 580px\" \/><\/figure>\n\n\n\n<figure class=\"wp-block-image size-large\"><img loading=\"lazy\" decoding=\"async\" width=\"768\" height=\"1024\" data-id=\"363\" src=\"https:\/\/wollstueble-pilster.de\/ws4\/wp-content\/uploads\/2024\/04\/WhatsApp-Bild-2024-04-28-um-14.29.49_84f090a1-768x1024.jpg\" alt=\"\" class=\"wp-image-363\" srcset=\"https:\/\/wollstueble-pilster.de\/ws4\/wp-content\/uploads\/2024\/04\/WhatsApp-Bild-2024-04-28-um-14.29.49_84f090a1-768x1024.jpg 768w, https:\/\/wollstueble-pilster.de\/ws4\/wp-content\/uploads\/2024\/04\/WhatsApp-Bild-2024-04-28-um-14.29.49_84f090a1-225x300.jpg 225w, https:\/\/wollstueble-pilster.de\/ws4\/wp-content\/uploads\/2024\/04\/WhatsApp-Bild-2024-04-28-um-14.29.49_84f090a1-1152x1536.jpg 1152w, https:\/\/wollstueble-pilster.de\/ws4\/wp-content\/uploads\/2024\/04\/WhatsApp-Bild-2024-04-28-um-14.29.49_84f090a1.jpg 1530w\" sizes=\"auto, (max-width: 767px) 89vw, (max-width: 1000px) 54vw, (max-width: 1071px) 543px, 580px\" \/><\/figure>\n\n\n\n<figure class=\"wp-block-image size-large\"><img loading=\"lazy\" decoding=\"async\" width=\"768\" height=\"1024\" data-id=\"365\" src=\"https:\/\/wollstueble-pilster.de\/ws4\/wp-content\/uploads\/2024\/04\/WhatsApp-Bild-2024-04-28-um-14.29.50_8c9f5337-768x1024.jpg\" alt=\"\" class=\"wp-image-365\" srcset=\"https:\/\/wollstueble-pilster.de\/ws4\/wp-content\/uploads\/2024\/04\/WhatsApp-Bild-2024-04-28-um-14.29.50_8c9f5337-768x1024.jpg 768w, https:\/\/wollstueble-pilster.de\/ws4\/wp-content\/uploads\/2024\/04\/WhatsApp-Bild-2024-04-28-um-14.29.50_8c9f5337-225x300.jpg 225w, https:\/\/wollstueble-pilster.de\/ws4\/wp-content\/uploads\/2024\/04\/WhatsApp-Bild-2024-04-28-um-14.29.50_8c9f5337-1152x1536.jpg 1152w, https:\/\/wollstueble-pilster.de\/ws4\/wp-content\/uploads\/2024\/04\/WhatsApp-Bild-2024-04-28-um-14.29.50_8c9f5337.jpg 1530w\" sizes=\"auto, (max-width: 767px) 89vw, (max-width: 1000px) 54vw, (max-width: 1071px) 543px, 580px\" \/><\/figure>\n\n\n\n<figure class=\"wp-block-image size-large\"><img loading=\"lazy\" decoding=\"async\" width=\"768\" height=\"1024\" data-id=\"366\" src=\"https:\/\/wollstueble-pilster.de\/ws4\/wp-content\/uploads\/2024\/04\/WhatsApp-Bild-2024-04-28-um-14.29.49_1800ae39-768x1024.jpg\" alt=\"\" class=\"wp-image-366\" srcset=\"https:\/\/wollstueble-pilster.de\/ws4\/wp-content\/uploads\/2024\/04\/WhatsApp-Bild-2024-04-28-um-14.29.49_1800ae39-768x1024.jpg 768w, https:\/\/wollstueble-pilster.de\/ws4\/wp-content\/uploads\/2024\/04\/WhatsApp-Bild-2024-04-28-um-14.29.49_1800ae39-225x300.jpg 225w, https:\/\/wollstueble-pilster.de\/ws4\/wp-content\/uploads\/2024\/04\/WhatsApp-Bild-2024-04-28-um-14.29.49_1800ae39-1152x1536.jpg 1152w, https:\/\/wollstueble-pilster.de\/ws4\/wp-content\/uploads\/2024\/04\/WhatsApp-Bild-2024-04-28-um-14.29.49_1800ae39.jpg 1530w\" sizes=\"auto, (max-width: 767px) 89vw, (max-width: 1000px) 54vw, (max-width: 1071px) 543px, 580px\" \/><\/figure>\n\n\n\n<figure class=\"wp-block-image size-large\"><img loading=\"lazy\" decoding=\"async\" width=\"768\" height=\"1024\" data-id=\"367\" src=\"https:\/\/wollstueble-pilster.de\/ws4\/wp-content\/uploads\/2024\/04\/WhatsApp-Bild-2024-04-28-um-14.29.50_f15f84d5-768x1024.jpg\" alt=\"\" class=\"wp-image-367\" srcset=\"https:\/\/wollstueble-pilster.de\/ws4\/wp-content\/uploads\/2024\/04\/WhatsApp-Bild-2024-04-28-um-14.29.50_f15f84d5-768x1024.jpg 768w, https:\/\/wollstueble-pilster.de\/ws4\/wp-content\/uploads\/2024\/04\/WhatsApp-Bild-2024-04-28-um-14.29.50_f15f84d5-225x300.jpg 225w, https:\/\/wollstueble-pilster.de\/ws4\/wp-content\/uploads\/2024\/04\/WhatsApp-Bild-2024-04-28-um-14.29.50_f15f84d5-1152x1536.jpg 1152w, https:\/\/wollstueble-pilster.de\/ws4\/wp-content\/uploads\/2024\/04\/WhatsApp-Bild-2024-04-28-um-14.29.50_f15f84d5.jpg 1530w\" sizes=\"auto, (max-width: 767px) 89vw, (max-width: 1000px) 54vw, (max-width: 1071px) 543px, 580px\" \/><\/figure>\n\n\n\n<figure class=\"wp-block-image size-large\"><img loading=\"lazy\" decoding=\"async\" width=\"1024\" height=\"768\" data-id=\"364\" src=\"https:\/\/wollstueble-pilster.de\/ws4\/wp-content\/uploads\/2024\/04\/WhatsApp-Bild-2024-04-28-um-14.29.50_3d7ec096-1024x768.jpg\" alt=\"\" class=\"wp-image-364\" srcset=\"https:\/\/wollstueble-pilster.de\/ws4\/wp-content\/uploads\/2024\/04\/WhatsApp-Bild-2024-04-28-um-14.29.50_3d7ec096-1024x768.jpg 1024w, https:\/\/wollstueble-pilster.de\/ws4\/wp-content\/uploads\/2024\/04\/WhatsApp-Bild-2024-04-28-um-14.29.50_3d7ec096-300x225.jpg 300w, https:\/\/wollstueble-pilster.de\/ws4\/wp-content\/uploads\/2024\/04\/WhatsApp-Bild-2024-04-28-um-14.29.50_3d7ec096-768x576.jpg 768w, https:\/\/wollstueble-pilster.de\/ws4\/wp-content\/uploads\/2024\/04\/WhatsApp-Bild-2024-04-28-um-14.29.50_3d7ec096-1536x1152.jpg 1536w, https:\/\/wollstueble-pilster.de\/ws4\/wp-content\/uploads\/2024\/04\/WhatsApp-Bild-2024-04-28-um-14.29.50_3d7ec096.jpg 2000w\" sizes=\"auto, (max-width: 767px) 89vw, (max-width: 1000px) 54vw, (max-width: 1071px) 543px, 580px\" \/><\/figure>\n<\/figure>\n","protected":false},"excerpt":{"rendered":"","protected":false},"author":1,"featured_media":0,"parent":0,"menu_order":0,"comment_status":"closed","ping_status":"closed","template":"","meta":{"_price":"","_stock":"","_tribe_ticket_header":"","_tribe_default_ticket_provider":"","_tribe_ticket_capacity":"0","_ticket_start_date":"","_ticket_end_date":"","_tribe_ticket_show_description":"","_tribe_ticket_show_not_going":false,"_tribe_ticket_use_global_stock":"","_tribe_ticket_global_stock_level":"","_global_stock_mode":"","_global_stock_cap":"","_tribe_rsvp_for_event":"","_tribe_ticket_going_count":"","_tribe_ticket_not_going_count":"","_tribe_tickets_list":"[]","_tribe_ticket_has_attendee_info_fields":false,"footnotes":"","_tec_slr_enabled":"","_tec_slr_layout":""},"class_list":["post-518","page","type-page","status-publish","hentry"],"jetpack_sharing_enabled":true,"ticketed":false,"_links":{"self":[{"href":"https:\/\/wollstueble-pilster.de\/ws4\/wp-json\/wp\/v2\/pages\/518","targetHints":{"allow":["GET"]}}],"collection":[{"href":"https:\/\/wollstueble-pilster.de\/ws4\/wp-json\/wp\/v2\/pages"}],"about":[{"href":"https:\/\/wollstueble-pilster.de\/ws4\/wp-json\/wp\/v2\/types\/page"}],"author":[{"embeddable":true,"href":"https:\/\/wollstueble-pilster.de\/ws4\/wp-json\/wp\/v2\/users\/1"}],"replies":[{"embeddable":true,"href":"https:\/\/wollstueble-pilster.de\/ws4\/wp-json\/wp\/v2\/comments?post=518"}],"version-history":[{"count":1,"href":"https:\/\/wollstueble-pilster.de\/ws4\/wp-json\/wp\/v2\/pages\/518\/revisions"}],"predecessor-version":[{"id":519,"href":"https:\/\/wollstueble-pilster.de\/ws4\/wp-json\/wp\/v2\/pages\/518\/revisions\/519"}],"wp:attachment":[{"href":"https:\/\/wollstueble-pilster.de\/ws4\/wp-json\/wp\/v2\/media?parent=518"}],"curies":[{"name":"wp","href":"https:\/\/api.w.org\/{rel}","templated":true}]}}